{"id":2,"date":"2009-06-25T09:34:03","date_gmt":"2009-06-25T07:34:03","guid":{"rendered":"http:\/\/sikadesign.no\/?page_id=2"},"modified":"2010-07-13T16:53:42","modified_gmt":"2010-07-13T14:53:42","slug":"about","status":"publish","type":"page","link":"https:\/\/sikadesign.no\/?page_id=2","title":{"rendered":"Om"},"content":{"rendered":"<p>Mitt navn er Sigrunn Karlsen. Jeg har p\u00e5 mine gamle dager f\u00e5tt den noe h\u00f8ytravende ideen at jeg vil ha en liten nettbutikk for \u00e5 selge egenproduserte ting.<\/p>\n<p>Jeg b\u00e5de syr og strikker p\u00e5 maskin, og lager mye forskjellig, som kl\u00e6r, diverse vesker og mapper, ting til hund og katt,\u00a0 og ellers det jeg m\u00e5tte finne p\u00e5.<\/p>\n<p>Jeg regner med at her vil begynne \u00e5 dukke opp ting i l\u00f8pet av sommeren 2010, n\u00e5r jeg bare har l\u00e6rt meg skikkelig \u00e5 bruke denne siden, og f\u00e5r produsert opp litt.<\/p>\n<p>I starten kan her komme et og annet jeg har liggende og ting som allerede er solgt, bare for \u00e5 vise hva jeg lager og hva jeg st\u00e5r for.<\/p>\n<p>Disse tingene kan det g\u00e5 an \u00e5 bestille, s\u00e5 fremt jeg fremdeles kan skaffe sammme materialer.<\/p>\n<p>Om det er noe du er interessert i eller lurer p\u00e5,\u00a0 kan du ta kontakt p\u00e5: \u00a0 &lt;sigr-kar@online.no&gt;<\/p>\n","protected":false},"excerpt":{"rendered":"<p>Mitt navn er Sigrunn Karlsen. Jeg har p\u00e5 mine gamle dager f\u00e5tt den noe h\u00f8ytravende ideen at jeg vil ha en liten nettbutikk for \u00e5 selge egenproduserte ting. Jeg b\u00e5de syr og strikker p\u00e5 maskin, og lager mye forskjellig, som kl\u00e6r, diverse vesker og mapper, ting til hund og katt,\u00a0 og ellers det jeg m\u00e5tte finne p\u00e5. Jeg regner med at her vil begynne \u00e5 dukke opp ting i l\u00f8pet av sommeren 2010, n\u00e5r jeg bare har l\u00e6rt meg skikkelig \u00e5 bruke denne siden, og f\u00e5r produsert opp litt. I starten kan her komme et og annet jeg har liggende&hellip;<\/p>\n","protected":false},"author":1,"featured_media":0,"parent":0,"menu_order":0,"comment_status":"open","ping_status":"open","template":"","meta":{"footnotes":""},"class_list":["post-2","page","type-page","status-publish","hentry"],"_links":{"self":[{"href":"https:\/\/sikadesign.no\/index.php?rest_route=\/wp\/v2\/pages\/2","targetHints":{"allow":["GET"]}}],"collection":[{"href":"https:\/\/sikadesign.no\/index.php?rest_route=\/wp\/v2\/pages"}],"about":[{"href":"https:\/\/sikadesign.no\/index.php?rest_route=\/wp\/v2\/types\/page"}],"author":[{"embeddable":true,"href":"https:\/\/sikadesign.no\/index.php?rest_route=\/wp\/v2\/users\/1"}],"replies":[{"embeddable":true,"href":"https:\/\/sikadesign.no\/index.php?rest_route=%2Fwp%2Fv2%2Fcomments&post=2"}],"version-history":[{"count":11,"href":"https:\/\/sikadesign.no\/index.php?rest_route=\/wp\/v2\/pages\/2\/revisions"}],"predecessor-version":[{"id":18,"href":"https:\/\/sikadesign.no\/index.php?rest_route=\/wp\/v2\/pages\/2\/revisions\/18"}],"wp:attachment":[{"href":"https:\/\/sikadesign.no\/index.php?rest_route=%2Fwp%2Fv2%2Fmedia&parent=2"}],"curies":[{"name":"wp","href":"https:\/\/api.w.org\/{rel}","templated":true}]}}